{"id":1834,"date":"2014-06-07T22:56:37","date_gmt":"2014-06-07T22:56:37","guid":{"rendered":"http:\/\/nawi.naturundbildung.at\/wp\/?page_id=1834"},"modified":"2018-01-29T20:17:41","modified_gmt":"2018-01-29T20:17:41","slug":"akustik","status":"publish","type":"page","link":"http:\/\/nawi.naturundbildung.at\/wp\/?page_id=1834","title":{"rendered":"Akustik"},"content":{"rendered":"<p>Der Begriff &#8222;Akustik&#8220; leitet sich ab vom griechischen Wort&nbsp;&#8222;akoyein&#8220;, was &#8222;H\u00f6ren&#8220; bedeutet.<\/p>\n<p>Akustik ist die Lehre vom Schall und seiner Ausbreitung. Die Entstehung und Erzeugung von Schall fallen demnach genauso in den Themenbereich der Akustik, wie die Ausbreitung (an Luft, unter Wasser oder in festen Stoffen.<\/p>\n<p>Die Akustik analysiert auch den Schall und stellt ihn dar.<\/p>\n<p>Da auch die Wahrnehmung des Schalls durch das das Geh\u00f6r&nbsp;in der Akustik behandelt werden, sollen nat\u00fcrlich auch das <a href=\"http:\/\/nawi.naturundbildung.at\/wp\/?page_id=2408\">Ohr<\/a>, der <a href=\"http:\/\/nawi.naturundbildung.at\/wp\/?page_id=2408\">H\u00f6rvorgang<\/a> und L\u00e4rm oder auch gesundheitliche Probleme durch Dauerl\u00e4rm behandelt werden.<\/p>\n<p>In &#8222;<a href=\"http:\/\/nawi.naturundbildung.at\/wp\/?page_id=2410\">Die Grundlagen der Optik<\/a>&#8220;&nbsp;geht es um&nbsp;<\/p>\n<p>SCHALL ALS MECHANISCHE WELLE<\/p>\n<p id=\"ui-id-3\" class=\"ls-sc-accordion-trigger ui-accordion-header ui-state-default ui-corner-all ui-accordion-icons ui-state-hover\" tabindex=\"-1\" role=\"tab\" aria-controls=\"ui-id-4\" aria-selected=\"false\" aria-expanded=\"false\">SCHALLGESCHWINDIGKEIT<\/p>\n<p id=\"ui-id-5\" class=\"ls-sc-accordion-trigger ui-accordion-header ui-state-default ui-corner-all ui-accordion-icons\" tabindex=\"-1\" role=\"tab\" aria-controls=\"ui-id-6\" aria-selected=\"false\" aria-expanded=\"false\">DAS OSZILLOSKOP<\/p>\n<p id=\"ui-id-7\" class=\"ls-sc-accordion-trigger ui-accordion-header ui-state-default ui-corner-all ui-accordion-icons\" tabindex=\"-1\" role=\"tab\" aria-controls=\"ui-id-8\" aria-selected=\"false\" aria-expanded=\"false\">T\u00d6NE UND GER\u00c4USCHE<\/p>\n<p id=\"ui-id-9\" class=\"ls-sc-accordion-trigger ui-accordion-header ui-state-default ui-corner-all ui-accordion-icons ui-state-focus\" tabindex=\"-1\" role=\"tab\" aria-controls=\"ui-id-10\" aria-selected=\"false\" aria-expanded=\"false\">L\u00c4RM UND GESUNDHEIT<\/p>\n<p>Gerade Jugendliche h\u00f6ren oft viel zu laut Musik mit im schlimmsten Fall unheilbaren H\u00f6rsch\u00e4den als Folge&#8230;<\/p>\n<div id=\"attachment_922\" style=\"width: 310px\" class=\"wp-caption alignnone\"><a href=\"http:\/\/nawi.naturundbildung.at\/wp\/wp-content\/uploads\/2014\/01\/innenohr2-borbely-klein.png\"><img aria-describedby=\"caption-attachment-922\" loading=\"lazy\" class=\"wp-image-922 size-medium\" src=\"http:\/\/nawi.naturundbildung.at\/wp\/wp-content\/uploads\/2014\/01\/innenohr2-borbely-klein-300x204.png\" alt=\"Innenohr-Borbely\" width=\"300\" height=\"204\" srcset=\"http:\/\/nawi.naturundbildung.at\/wp\/wp-content\/uploads\/2014\/01\/innenohr2-borbely-klein-300x204.png 300w, http:\/\/nawi.naturundbildung.at\/wp\/wp-content\/uploads\/2014\/01\/innenohr2-borbely-klein.png 800w\" sizes=\"(max-width: 300px) 100vw, 300px\" \/><\/a><p id=\"caption-attachment-922\" class=\"wp-caption-text\">Innenohr-Borbely<\/p><\/div>\n<p>Text:Silke Geroldinger, 2018, Bild:&nbsp;Elisabeth Borbly, 3FKA, HLTW21, 2012<\/p>\n<p>&nbsp;<\/p>\n<p>&nbsp;<\/p>\n<p>&nbsp;<\/p>\n","protected":false},"excerpt":{"rendered":"<p>Der Begriff &#8222;Akustik&#8220; leitet sich ab vom griechischen Wort&nbsp;&#8222;akoyein&#8220;, was &#8222;H\u00f6ren&#8220; bedeutet. Akustik ist die Lehre vom Schall und seiner Ausbreitung. Die Entstehung und Erzeugung von Schall fallen demnach genauso in den Themenbereich der Akustik, wie die Ausbreitung (an Luft, unter Wasser oder in festen Stoffen. Die Akustik analysiert auch<\/p>\n","protected":false},"author":1,"featured_media":0,"parent":1854,"menu_order":0,"comment_status":"open","ping_status":"open","template":"","meta":{"ngg_post_thumbnail":0},"aioseo_notices":[],"_links":{"self":[{"href":"http:\/\/nawi.naturundbildung.at\/wp\/index.php?rest_route=\/wp\/v2\/pages\/1834"}],"collection":[{"href":"http:\/\/nawi.naturundbildung.at\/wp\/index.php?rest_route=\/wp\/v2\/pages"}],"about":[{"href":"http:\/\/nawi.naturundbildung.at\/wp\/index.php?rest_route=\/wp\/v2\/types\/page"}],"author":[{"embeddable":true,"href":"http:\/\/nawi.naturundbildung.at\/wp\/index.php?rest_route=\/wp\/v2\/users\/1"}],"replies":[{"embeddable":true,"href":"http:\/\/nawi.naturundbildung.at\/wp\/index.php?rest_route=%2Fwp%2Fv2%2Fcomments&post=1834"}],"version-history":[{"count":8,"href":"http:\/\/nawi.naturundbildung.at\/wp\/index.php?rest_route=\/wp\/v2\/pages\/1834\/revisions"}],"predecessor-version":[{"id":4011,"href":"http:\/\/nawi.naturundbildung.at\/wp\/index.php?rest_route=\/wp\/v2\/pages\/1834\/revisions\/4011"}],"up":[{"embeddable":true,"href":"http:\/\/nawi.naturundbildung.at\/wp\/index.php?rest_route=\/wp\/v2\/pages\/1854"}],"wp:attachment":[{"href":"http:\/\/nawi.naturundbildung.at\/wp\/index.php?rest_route=%2Fwp%2Fv2%2Fmedia&parent=1834"}],"curies":[{"name":"wp","href":"https:\/\/api.w.org\/{rel}","templated":true}]}}

<p>Der Begriff &#8222;Akustik&#8220; leitet sich ab vom griechischen Wort&nbsp;&#8222;akoyein&#8220;, was &#8222;Hören&#8220; bedeutet.</p>
<p>Akustik ist die Lehre vom Schall und seiner Ausbreitung. Die Entstehung und Erzeugung von Schall fallen demnach genauso in den Themenbereich der Akustik, wie die Ausbreitung (an Luft, unter Wasser oder in festen Stoffen.</p>
<p>Die Akustik analysiert auch den Schall und stellt ihn dar.</p>
<p>Da auch die Wahrnehmung des Schalls durch das das Gehör&nbsp;in der Akustik behandelt werden, sollen natürlich auch das <a href="http://nawi.naturundbildung.at/wp/?page_id=2408">Ohr</a>, der <a href="http://nawi.naturundbildung.at/wp/?page_id=2408">Hörvorgang</a> und Lärm oder auch gesundheitliche Probleme durch Dauerlärm behandelt werden.</p>
<p>In &#8222;<a href="http://nawi.naturundbildung.at/wp/?page_id=2410">Die Grundlagen der Optik</a>&#8220;&nbsp;geht es um&nbsp;</p>
<p>SCHALL ALS MECHANISCHE WELLE</p>
<p id="ui-id-3" class="ls-sc-accordion-trigger ui-accordion-header ui-state-default ui-corner-all ui-accordion-icons ui-state-hover" tabindex="-1" role="tab" aria-controls="ui-id-4" aria-selected="false" aria-expanded="false">SCHALLGESCHWINDIGKEIT</p>
<p id="ui-id-5" class="ls-sc-accordion-trigger ui-accordion-header ui-state-default ui-corner-all ui-accordion-icons" tabindex="-1" role="tab" aria-controls="ui-id-6" aria-selected="false" aria-expanded="false">DAS OSZILLOSKOP</p>
<p id="ui-id-7" class="ls-sc-accordion-trigger ui-accordion-header ui-state-default ui-corner-all ui-accordion-icons" tabindex="-1" role="tab" aria-controls="ui-id-8" aria-selected="false" aria-expanded="false">TÖNE UND GERÄUSCHE</p>
<p id="ui-id-9" class="ls-sc-accordion-trigger ui-accordion-header ui-state-default ui-corner-all ui-accordion-icons ui-state-focus" tabindex="-1" role="tab" aria-controls="ui-id-10" aria-selected="false" aria-expanded="false">LÄRM UND GESUNDHEIT</p>
<p>Gerade Jugendliche hören oft viel zu laut Musik mit im schlimmsten Fall unheilbaren Hörschäden als Folge&#8230;</p>
<div id="attachment_922" style="width: 310px" class="wp-caption alignnone"><a href="http://nawi.naturundbildung.at/wp/wp-content/uploads/2014/01/innenohr2-borbely-klein.png"><img aria-describedby="caption-attachment-922" loading="lazy" class="wp-image-922 size-medium" src="http://nawi.naturundbildung.at/wp/wp-content/uploads/2014/01/innenohr2-borbely-klein-300x204.png" alt="Innenohr-Borbely" width="300" height="204" srcset="http://nawi.naturundbildung.at/wp/wp-content/uploads/2014/01/innenohr2-borbely-klein-300x204.png 300w, http://nawi.naturundbildung.at/wp/wp-content/uploads/2014/01/innenohr2-borbely-klein.png 800w" sizes="(max-width: 300px) 100vw, 300px" /></a><p id="caption-attachment-922" class="wp-caption-text">Innenohr-Borbely</p></div>
<p>Text:Silke Geroldinger, 2018, Bild:&nbsp;Elisabeth Borbly, 3FKA, HLTW21, 2012</p>
<p>&nbsp;</p>
<p>&nbsp;</p>
<p>&nbsp;</p>

<p>Der Begriff &#8222;Akustik&#8220; leitet sich ab vom griechischen Wort&nbsp;&#8222;akoyein&#8220;, was &#8222;Hören&#8220; bedeutet. Akustik ist die Lehre vom Schall und seiner Ausbreitung. Die Entstehung und Erzeugung von Schall fallen demnach genauso in den Themenbereich der Akustik, wie die Ausbreitung (an Luft, unter Wasser oder in festen Stoffen. Die Akustik analysiert auch</p>
